{"id":36,"date":"2019-08-02T14:01:41","date_gmt":"2019-08-02T14:01:41","guid":{"rendered":"https:\/\/traumfresser-orga.gflr.de\/?page_id=36"},"modified":"2019-08-22T16:50:48","modified_gmt":"2019-08-22T16:50:48","slug":"ameldung","status":"publish","type":"page","link":"https:\/\/traumfresser-orga.gflr.de\/?page_id=36","title":{"rendered":"Anmeldung"},"content":{"rendered":"<h2 style=\"text-align: center;\"><b>!!! Wir sind ausgebucht!!!<\/b><\/h2>\n<p style=\"text-align: center;\">!Alle weiteren Anmeldungen kommen auf die Warteliste!<\/p>\n\n\n<blockquote class=\"wp-block-quote\"><p><strong>Anmeldeinformationen<\/strong><\/p><p><strong>Setting: <\/strong>Das Setting der Con basiert lose auf Cthulhu Now, also lovecraft\u2019schem Horror in der Neuzeit.<br><br><strong>Charaktere:<\/strong> Selbst erstellte Charaktere in Absprache mit der Orga.<br><br><strong>Regelwerk: <\/strong>DKWDDK (Aufgrund guter Erfahrungen bedienen wir uns weiterhin der \u201cDKWDDK-Mechanik\u201d; das bedeutet, dass eure Charaktere all das k\u00f6nnen, was ihr darstellen k\u00f6nnt. Magie, \u00fcbersinnliche F\u00e4higkeiten oder \u00c4hnliches sind daher in den Charakterkonzepten nicht gew\u00fcnscht.)<br><br><strong>Ort: <\/strong>St. Georgenhof in Pfronstetten, 72539 Pfronstetten, BW<br><br><strong>Datum: <\/strong>Freitag, 10. Januar 2020, um 18:00 \u2013 Sonntag, 12. Januar 2020, um ca. 12:00<br><strong>Ankunft ab 18:00 Uhr m\u00f6glich.<\/strong><br><strong>Time-In: <\/strong>Freitag, ca. 20:00 Uhr.<br><strong>Time-Out: <\/strong>Samstag Nacht, ca. 23:00 Uhr&nbsp;<br><br><strong>Spielzeit:<\/strong> Die reine Spielzeit betr\u00e4gt gesch\u00e4tzte 27 Stunden, n\u00e4chtliche Events sind dabei inklusive. Wer auf seinen Schlaf nicht verzichten m\u00f6chte, kann dies bei der Anmeldung angeben und wird von 24 Uhr bis 7 Uhr nicht von der Spielleitung behelligt. Briefing und Aftershowparty sind in der Spielzeit nicht ber\u00fccksichtigt.<br><br><strong>Verpflegung: <\/strong>Vollverpflegung inklusive; je 2x Fr\u00fchst\u00fcck (Sa, So) und Abendessen (Fr, Sa) + 1x Mittagessen (Sa). Sonderw\u00fcnsche k\u00f6nnen nur bedingt ber\u00fccksichtigt werden; kommt daher bitte schon bei der Anmeldung auf uns zu, damit wir im Zweifelsfall Kontakt mit euch aufnehmen k\u00f6nnen.<br>Getr\u00e4nke: Getr\u00e4nke k\u00f6nnen vor Ort gegen einen Obolus erworben werden. Wir werden mit Getr\u00e4nkekarten zum Selbst-abkreuzen arbeiten.<br><br><strong>Teilnehmer<\/strong><br>Es stehen 44 Spielerpl\u00e4tze (SC) zur Verf\u00fcgung.<br>Erg\u00e4nzend werden ca. 6 Spielleiter\/Innen und ca. 10 NSCs das Spiel begleiten.<br><br><strong>Preis\/Kontingent<\/strong><br>Staffel 1: 85\u20ac (20 Tickets) \u201cFr\u00fchbucher\u201d<br>Staffel 2: 95\u20ac (24 Tickets) \u201cRegul\u00e4re\u201d<br><br><strong>Fotos<\/strong><br>Es werden von der Orga benannte FotograFinnen vor Ort sein.<br>Fotos nach Absprache mit Orga m\u00f6glich;<br>Nat\u00fcrlich kommen wir einem Wunsch nach Anonymisierung bei Bildern gerne nach. Die Bilder werden auf der Internetseite der GfLR einsehbar sein.<br><strong>&nbsp;<\/strong><br><strong>Altersgrenze<\/strong><br>Aufgrund von Themen\/Inhalten und Darstellungen ist die Con nur und ausschlie\u00dflich f\u00fcr SpielerInnen ab 18 Jahren geeignet.<br><br><strong>Ruheraum<\/strong><br>Es wird erg\u00e4nzend ein Ruhe-Raum f\u00fcr strapazierte Nerven bereitgestellt. Dieser kann, falls gew\u00fcnscht, jederzeit genutzt werden &#8230;<br><br><strong>Anmeldungsprozedere<\/strong><br>Schickt uns eine E-Mail mit euren Daten und Angaben f\u00fcr euer geplantes Charakterkonzept an <a href=\"&#x6d;&#x61;&#x69;&#x6c;&#x74;&#x6f;&#x3a;&#116;&#114;&#97;&#117;&#109;fres&#x73;&#x65;&#x72;&#x2d;&#x6f;&#x72;&#x67;&#x61;&#64;&#103;&#102;&#108;&#114;&#46;de\">&#x74;r&#x61;&#117;m&#x66;&#114;&#x65;&#x73;s&#x65;&#114;-&#x6f;&#114;&#x67;&#97;&#64;&#x67;&#102;l&#x72;&#46;&#x64;&#101;<\/a>; nutzt hierf\u00fcr bitte nur und ausschlie\u00dflich das hier am Ende der Seite zur Verf\u00fcgung gestellte, offizielle Dokument.&nbsp;<br><br>Bitte beachtet die AGBs und weiteren Veranstaltungsinformationen (Informationen zum Datenschutz, usw.)<br>Bitte beachtet zudem beim R\u00fccksenden den korrekten Dateinamen zu nutzen: \u201cSC_Anmeldung_Nachname\u201d (Hinweis: Euer echter Name ersetzt hier nat\u00fcrlich das Wort Nachname! ). Dies hilft uns immens mit der Zuordnung.<br><br>Wir vergeben die Pl\u00e4tze nach den eingegangenen Anmeldungen, wobei wir uns vorbehalten eine Auswahl zu treffen Zugunsten der Charaktere, die \u201cDen Anfang vom Ende &#8211; Kapitel 1\u201d erlebt haben.<br>Wir werden uns am Abend eurer Anmeldung oder sp\u00e4testens am Tag darauf  bei euch melden und euch mitteilen, auf welchem Anmeldungsplatz ihr gelandet seid.<br>In der Folge bekommt ihr dann eine E-Mail mit der Anmeldebest\u00e4tigung und den Zahlungsinformationen.&nbsp;<br><strong>Bitte unbedingt zur Kenntnis nehmen: Eine Anmeldung gilt erst dann als verbindlich best\u00e4tigt, wenn ihr den entsprechenden Betrag \u00fcberwiesen habt!<br><\/strong><br><strong>Was Ihr wissen solltet \u2026<\/strong><br>Horrorelemente sind ein fester Bestandteil dieses Events.<br><br>Dieses LARP steht im Zeichen des Cthulhu-Mythos; wir werden uns daher der Symbolik und Inhalte des Mystizismus, verschiedener Religionen und Kulte bedienen. Wir als Orga wollen dabei keine Glaubensgemeinschaft diskreditieren. Es geht uns nur um das Erschaffen einer m\u00f6glichst plastischen LARP Welt und das Nutzen mancher bekannter Symbole erleichtert die Immersion.<br><br>Wir als Orga sprechen uns ausdr\u00fccklich gegen Rassismus und Sexismus aus und behalten uns das Recht vor, SpielerInnen, die dahingehend OT oder in \u00fcberzogenem Ma\u00dfe IT auff\u00e4llig werden, von der Veranstaltung auszuschlie\u00dfen.<br><br>Zum Umgang mit \u201cMitbringseln\/Requisiten\/LARP-Waffen\u201d<br>Bitte stimmt dieses Thema mit uns ab. Wir w\u00fcnschen keine LARP-Schu\u00df-Waffen und keine unnat\u00fcrlich \u201cgro\u00dfen Waffen\u201d auf unserer Con. Wir w\u00fcnschen uns ausschlie\u00dflich in die Zeit passende, sanktionierte LARP-Waffen.<br>Wir bitten daher darum diesen Punkt im Vorfeld mit uns kurz abzustimmen.<br><br><strong>Wichtiges zur Charaktergestaltung&nbsp;<\/strong><br>Wir freuen uns sehr dar\u00fcber, wenn Charaktere die den \u201cAnfang vom Ende &#8211; Kapitel 1\u201d erlebt haben wiederkommen sollten. In gemeinsamer Absprache mit uns k\u00f6nnt ihr eure Rolle weiterspinnen, sodass ihr erneut in die Spielwelt eintauchen k\u00f6nnt \u2026&nbsp;<br>Wir freuen uns aber ebenso \u00fcber Anmeldungen mit neuen Charakterkonzepten, die unser Spiel bereichern k\u00f6nnen. Es ist nicht notwendig, bei Kapitel 1 unserer Kampagne dabei gewesen zu sein, da Kapitel 2 zwar auf Kapitel 1 aufbaut, aber eine eigene Geschichte erz\u00e4hlt. Bewerbt euch und \u00fcberlegt euch, welches Leben, welche Triebe, welche Motivationen und Bed\u00fcrfnisse euer Wunschcharakter hat.<br><br><strong>Noch einmal mit der Bitte um Kenntnisnahme:<\/strong><br>Das Absenden einer Anmeldung bedeutet leider nicht, dass man auch einen Platz auf der Con erh\u00e4lt!<br>Wir werden in der Folge die SC-Bewerbungen sichten und in Kontakt mit euch treten und eine Auswahl treffen. Hierauf werden wir euch kontaktieren und euch mitteilen, ob ihr schlussendlich einen Platz auf unserer Con erhalten habt, oder leider nicht!<br>Der Vertrag kommt erst Zustande, sobald ihr nach unserer Kontaktaufnahme den Teilnahmebeitrag \u00fcberwiesen habt.<br><br>Falls ihr Fragen haben sollten, so sendet diese bitte einfach direkt an:<br><strong>&#x74;&#x72;&#97;&#117;m&#x66;&#x72;&#x65;&#115;&#115;e&#x72;&#x2d;&#x6f;&#114;&#103;a&#x40;&#x67;&#x66;&#108;&#114;&#46;&#x64;&#x65;<\/strong><br>Wir <em>(hoch wahrscheinlich Ben)<\/em> beantworten all eure Anfragen sp\u00e4testens nach 2-3 Tagen.&nbsp;<br><br>Wir freuen uns schon jetzt sehr auf euch! <br>Eure<strong> Traumfresser-LARP-Orga<\/strong> (Lea, Hendrik, Benjamin)&nbsp;<br>&amp; nat\u00fcrlich unsere flei\u00dfigen Unterst\u00fctzerInnen und HelferInnen!<br><br> <\/p><\/blockquote>\n\n\n\n<p>  <a href=\"https:\/\/traumfresser-orga.gflr.de\/wp-content\/uploads\/2019\/08\/SC-Anmeldung-Der-Anfang-vom-Ende.doc\"><strong>SC-Anmeldung-Der-Anfang-vom-Ende<\/strong><\/a> <\/p>\n\n\n\n<div class=\"wp-block-file\"><a href=\"https:\/\/traumfresser-orga.gflr.de\/wp-content\/uploads\/2019\/08\/01_AGB_DAVE_21104.pdf\">01_AGB_DAVE_21104<\/a><\/div>\n\n\n\n<div class=\"wp-block-file\"><a href=\"https:\/\/traumfresser-orga.gflr.de\/wp-content\/uploads\/2019\/08\/02_Datenschutzerkl\u00e4rung_Mitglieder-und-Teilnehmer1105.pdf\">02_Datenschutzerkl\u00e4rung_Mitglieder-und-Teilnehmer1105<\/a><\/div>\n\n\n\n<div class=\"wp-block-file\"><a href=\"https:\/\/traumfresser-orga.gflr.de\/wp-content\/uploads\/2019\/08\/03_Widerrufsbelehrung-GfLR1106.pdf\">03_Widerrufsbelehrung-GfLR1106<\/a><\/div>\n\n\n\n<div class=\"wp-block-file\"><a href=\"https:\/\/traumfresser-orga.gflr.de\/wp-content\/uploads\/2019\/08\/Freizeitheim_St._Georgenhof_-_Hausordnung.pdf\">Freizeitheim_St._Georgenhof_-_Hausordnung<\/a><\/div>\n","protected":false},"excerpt":{"rendered":"<p>!!! Wir sind ausgebucht!!! !Alle weiteren Anmeldungen kommen auf die Warteliste! Anmeldeinformationen Setting: Das Setting der Con basiert lose auf Cthulhu Now, also lovecraft\u2019schem Horror in der Neuzeit. Charaktere: Selbst erstellte Charaktere in Absprache mit der Orga. Regelwerk: DKWDDK (Aufgrund guter Erfahrungen bedienen wir uns weiterhin der \u201cDKWDDK-Mechanik\u201d; das bedeutet, dass eure Charaktere all das &hellip; <\/p>\n<p class=\"link-more\"><a href=\"https:\/\/traumfresser-orga.gflr.de\/?page_id=36\" class=\"more-link\"><span class=\"screen-reader-text\">\u201eAnmeldung\u201c<\/span> weiterlesen<\/a><\/p>\n","protected":false},"author":1,"featured_media":0,"parent":0,"menu_order":0,"comment_status":"closed","ping_status":"closed","template":"","meta":[],"_links":{"self":[{"href":"https:\/\/traumfresser-orga.gflr.de\/index.php?rest_route=\/wp\/v2\/pages\/36"}],"collection":[{"href":"https:\/\/traumfresser-orga.gflr.de\/index.php?rest_route=\/wp\/v2\/pages"}],"about":[{"href":"https:\/\/traumfresser-orga.gflr.de\/index.php?rest_route=\/wp\/v2\/types\/page"}],"author":[{"embeddable":true,"href":"https:\/\/traumfresser-orga.gflr.de\/index.php?rest_route=\/wp\/v2\/users\/1"}],"replies":[{"embeddable":true,"href":"https:\/\/traumfresser-orga.gflr.de\/index.php?rest_route=%2Fwp%2Fv2%2Fcomments&post=36"}],"version-history":[{"count":22,"href":"https:\/\/traumfresser-orga.gflr.de\/index.php?rest_route=\/wp\/v2\/pages\/36\/revisions"}],"predecessor-version":[{"id":128,"href":"https:\/\/traumfresser-orga.gflr.de\/index.php?rest_route=\/wp\/v2\/pages\/36\/revisions\/128"}],"wp:attachment":[{"href":"https:\/\/traumfresser-orga.gflr.de\/index.php?rest_route=%2Fwp%2Fv2%2Fmedia&parent=36"}],"curies":[{"name":"wp","href":"https:\/\/api.w.org\/{rel}","templated":true}]}}